t are the prime factors of h?
2
Let k(f) = 7*f**2 + 17*f - 148. What are the prime factors of k(9)?
2, 11, 13
Let t = 626 + -494. What are the prime factors of t?
2, 3, 11
Suppose 2*i - 1513 = 1073. List the prime factors of i.
3, 431
Suppose -49*d - 3 = -50*d. What are the prime factors of d - 5/((-10)/142)?
2, 37
Suppose 0 = 3*a + 3*z - 195, 2*a - 3*z - 119 - 1 = 0. What are the prime factors of a?
3, 7
What are the prime factors of 58/18 + -3 - 823160/(-234)?
2, 1759
Suppose -185 = 5*f - 4*b - 27, 0 = f + 3*b + 43. Let s be (-2)/(-4)*0/5. Let j = s - f. List the prime factors of j.
2, 17
What are the prime factors of 10/(-15) - (-21475)/15?
3, 53
Let w be (10/2)/(2/6). Suppose -4*c - w + 3 = 0, 4*a - 16 = -4*c. What are the prime factors of (-32)/10*(a + -12)?
2
Let a = 7 - -1. Let n be 4 + 6*(-4)/a. What are the prime factors of n/(32/(-12) - -3)?
3
Let x = 813 + -556. What are the prime factors of x?
257
Suppose 0 = 4*q + 3*b, 0 = q - 5*q - b. Suppose 13*h - 9*h = q. Suppose h = -0*z + 2*z - 128. What are the prime factors of z?
2
Let d = 73 + -403. Let a = 511 + d. List the prime factors of a.
181
Let n(p) = -10*p - 17*p - 2 - 29*p. What are the prime factors of n(-1)?
2, 3
Let u(z) = -7*z + 37. Let k be u(5). Suppose k*q - 75 = q. What are the prime factors of q?
3, 5
Suppose -20 = -5*q - 4*r, 2*q - 3*r = -q - 15. Suppose 8 = -q*m + m. Let t(n) = n**2 - 6*n + 7. What are the prime factors of t(m)?
23
Suppose h = -c + 6*c - 2089, 3*c + 2*h = 1256. Suppose -t = -d - 15, 0 = 3*t + 5*d - 40 - 5. What are the prime factors of c/t + (-24)/(-180)?
2, 7
Let h = -274 + 698. List the prime factors of h.
2, 53
Suppose -5*d = 3*q - 5864, -3510 = -3*d + 4*q - 3*q. List the prime factors of d.
1171
What are the prime factors of 3*(-4)/(24/(-2098))?
1049
Let a = -16 + 21. Suppose -3*c + 4*b + 92 = -0*b, a*c - b = 176. List the prime factors of c.
2, 3
Suppose -4*a + 4*f + 21 = -11, -15 = 3*f. Suppose a*m = 381 - 51. List the prime factors of m.
2, 5, 11
Let q = -3 + 8. Suppose 0 = -q*g + 2*j + 143, -2*g - 2*g + 115 = -j. What are the prime factors of g?
29
Suppose 4*c = 1 + 7. Suppose -4*x + 84 = -c*x. What are the prime factors of (x/(-24))/(2/(-16))?
2, 7
Let j(s) = 17*s + 10. Let k be j(3). Suppose p - 25 - k = 0. List the prime factors of p.
2, 43
Let g(c) = 25*c**3 - 5*c**2 - 8*c + 8. Let k(w) = -13*w**3 + 2*w**2 + 4*w - 4. Let p(t) = 3*g(t) + 5*k(t). What are the prime factors of p(3)?
7, 31
Let v(w) = -w**3 - 16*w**2 + 19*w - 7. Let s be v(-17). Let t = s + 64. What are the prime factors of t?
23
Suppose -a + 50 = 4*a. Suppose a = 4*w + 2. List the prime factors of 4*w - (-3 - -3).
2
Let j = -4 + 14. Suppose j = 4*p - 5*p. List the prime factors of (-374)/p - (-15)/25.
2, 19
Suppose 4*u - 2*q - 14 = 0, -u + 5*u - 18 = -2*q. Suppose 0 = 7*h + u*h - 3234. What are the prime factors of h?
2, 3, 7
Let h = 5 - 5. Let b be (-4)/(-16)*4 - h. Let r(m) = 8*m**2 + 1. List the prime factors of r(b).
3
Let x be (-5)/(40/12)*-2. Let h(i) be the third derivative of i**6/120 - i**5/60 - i**4/8 + 2*i**2. List the prime factors of h(x).
3
Let m(z) = 6*z**2 - z - 2. Let v be m(2). Suppose -6*o = -o - v. Suppose -3*r + 25 = o*c, 4*r + 5 = 3*r. List the prime factors of c.
2, 5
Let r(s) = 6*s**3 - 3*s**2 + 3. Let l be r(-2). Let z = 130 + l. What are the prime factors of z?
73
Suppose -2*y + 15820 - 6314 = 0. List the prime factors of y.
7, 97
Suppose 264 = 5*k - 9*k. Let w = -45 - k. What are the prime factors of w?
3, 7
Suppose 3*n = 8*n - 250. Suppose -z - n = -6*z. Let l = 13 + z. What are the prime factors of l?
23
Suppose 0*u + 2*u + 42 = 0. Suppose 4*y = 2*y - 26. Let q = y - u. What are the prime factors of q?
2
Let v(m) be the first derivative of 12*m**3 + m + 3 + 2*m**4 - 12*m**3 + 3*m**4. List the prime factors of v(1).
3, 7
Let f be 1/((3/12)/(-1)). Let p be (2/5)/(f/60). Let j = p + 16. List the prime factors of j.
2, 5
Let w = 11 + -2. Let m(o) = o**2 - 10*o + 12. Let i be m(w). Suppose 3*p = 4*y + 59, 0*y + 37 = p + i*y. List the prime factors of p.
5
Let b(h) be the second derivative of h**5/20 - h**4/2 - 5*h**3/6 + 7*h**2/2 + h. List the prime factors of b(7).
3, 7
Suppose -f - 6 = -8. Suppose 20 = f*o - 86. List the prime factors of o.
53
Let x = 1199 - 683. Suppose -b = b - x. What are the prime factors of b?
2, 3, 43
Let m = -1245 + 2362. List the prime factors of m.
1117
Let u(w) = w**2 + 2*w + 23*w**3 + 2*w - 5*w. Let c(g) = -g**3 + 10*g + 4. Let j be c(-3). What are the prime factors of u(j)?
23
Suppose -5*r - 4*g = -2613, 18*r + 3*g - 2091 = 14*r. What are the prime factors of r?
3, 5, 7
Let q(z) = 23*z**2 - 26*z - 5. What are the prime factors of q(6)?
23, 29
Let j(l) = -l - 3. Let i be j(-5). Let d(b) = 7*b + 7*b + 6 - 1 + 2*b**2 + i. What are the prime factors of d(-9)?
43
Let w be (-312)/(-20) + (-2)/(-5). Let q = w + -24. Let v = -4 - q. List the prime factors of v.
2
Let b(p) = -p + 7. Let d be b(3). What are the prime factors of (195/(-10))/((-3)/d)?
2, 13
Suppose x + 3*m - 334 = 0, -3*m = x + x - 677. What are the prime factors of x?
7
Suppose 0*m = -m + 10. Suppose 7*j = 3*j + 8. Suppose 0 = 2*f - 5*f + j*g + 50, 0 = -f - g + m. What are the prime factors of f?
2, 7
Let z(t) = t**3 + 23*t**2 + 3*t - 47. List the prime factors of z(-20).
1093
Suppose b + 5*k = -1473 - 854, 5*k = b + 2357. What are the prime factors of 5/(-25) - (b/10 - 1)?
5, 47
Let m(w) = w**2 + 4*w + 7. Let q be m(-2). Suppose -q*p = p - 120. What are the prime factors of p?
2, 3, 5
Suppose 0 = 3*g + 4*p - 28, 0 = 3*g - 2*g - p. Suppose -3*d + 8 = -g. What are the prime factors of d?
2
Suppose 15*o - 18988 = -4738. List the prime factors of o.
2, 5, 19
Suppose -4*a + 3*o = -2963 - 5266, -2054 = -a + 4*o. What are the prime factors of a?
2, 3, 7
Suppose -16*d = -21*d + 8200. What are the prime factors of d?
2, 5, 41
Let c be ((-36)/(-10))/(21/(-70)). Let r = c - -9. List the prime factors of (19 + -1)*(-2 - r).
2, 3
Let d(m) = 3*m**3 - 3*m**2 - 4. Suppose -3*s + 4 = -5. Let b be d(s). Let v = b - 34. List the prime factors of v.
2
Suppose -b - 3568 = -4*p, -2*b = -3*p + 2918 - 247. List the prime factors of p.
19, 47
Suppose -q + 5*g - 4*g + 328 = 0, 4*q + 3*g = 1340. Let l = q - 199. List the prime factors of l.
7, 19
List the prime factors of (2 + (-498)/(-18))*3.
89
Suppose -3*j = -3*w - 2*j - 604, 2*w + 397 = -5*j. Let o = w - -385. List the prime factors of o.
2, 23
Suppose 9*j = 45*j - 44784. List the prime factors of j.
2, 311
Let v(p) = -3*p. Let x be v(-4). Let w be (-6)/9 - 184/x. List the prime factors of (-1)/2*(w - 0).
2
Let f(p) = 25*p - 13. Let s(x) = x + 1. Let g(b) = -f(b) + 4*s(b). List the prime factors of g(-13).
2, 5, 29
Suppose 2*g + 3*g + 120 = 0. Let t = g - -27. Suppose 0 = 5*b - 2*p - t*p - 230, 3*b - 2*p = 143. List the prime factors of b.
3, 17
What are the prime factors of (-4)/24 + (-6470)/(-12)?
7, 11
Suppose -91*o = -92*o - 4*s + 543, -2615 = -5*o + 5*s. What are the prime factors of o?
17, 31
Let d(a) = 26*a**3 - 72*a**2 + 14*a + 15. What are the prime factors of d(7)?
5503
Suppose 0 = -4*h + 4*n + 1252, 0*h + 3*h = 2*n + 944. Let m = h - 540. List the prime factors of (m/18)/(3/(-9)).
37
List the prime factors of 1 + 0 + 4 + (5902 - 114).
3, 1931
Suppose 5*f = 4*j + 455, -3*f + 5*j - 236 = -6*f. What are the prime factors of f?
3, 29
Suppose -4*d = 5*d - 27. Suppose 30 = 4*v - d*p, 5*v - p - 43 = -0*v. List the prime factors of v.
3
List the prime factors of ((-10770)/(-20) + 6)*2/3.
3, 11
Let b = 1176 - 391. What are the prime factors of b?
5, 157
Let y(t) be the first derivative of 5 + 0*t - 3*t**2 - 5*t + 10*t**2 + t. What are the prime factors of y(3)?
2, 19
Suppose 2*m = -0 + 4. Suppose b - 126 + 45 = -f, b + 5*f = 93. Suppose -m*x + b = x. What are the prime factors of x?
2, 13
Let r = -982 + 1384. What are the prime factors of r?
2, 3, 67
Let c = 6 - 4. Suppose -3*p + 9 = 0, 4*v = c*p - p + 769. List the prime factors of v.
193
Let y(j) = -45*j + 24. Suppose -20 = 3*x - 2. What are the prime factors of y(x)?
2, 3, 7
Suppose 0*z - 2*z = 2*j - 372, -5*j + z + 918 = 0. Suppose 26 = 2*w - j. List the prime factors of w.
3, 5, 7
Let j be (4/((-24)/87))/((-1)/8). Suppose 0 = -5*z + 4*t + 594, 0 = -5*z + 2*t + 708 - j. What ar